-9b
-4 (base 14) to base 10
-4
What is -3 (base 8) in base 12?
-3
What is 4 (base 10) in base 15?
4
5 (base 10) to base 3
12
-1 (base 6) to base 12
-1
Convert -100 (base 4) to base 8.
-20
Convert -72 (base 9) to base 16.
-41
-58 (base 9) to base 8
-65
Convert -3 (base 8) to base 9.
-3
What is -323 (base 5) in base 11?
-80
What is -b5 (base 16) in base 7?
-346
What is 16 (base 9) in base 3?
120
Convert 36 (base 12) to base 16.
2a
4 (base 5) to base 8
4
What is 10 (base 13) in base 11?
12
Convert 2 (base 4) to base 6.
2
What is -b7 (base 13) in base 12?
-106
Convert -101 (base 7) to base 16.
-32
What is 2 (base 16) in base 5?
2
Convert -210 (base 3) to base 9.
-23
101101 (base 2) to base 10
45
Convert 262 (base 7) to base 10.
142
What is -11 (base 11) in base 3?
-110
What is 10 (base 2) in base 4?
2
Convert 0 (base 10) to base 11.
0
What is -100 (base 9) in base 4?
-1101
Convert 1000 (base 6) to base 9.
260
-22 (base 14) to base 15
-20
What is 6 (base 12) in base 14?
6
What is -111 (base 3) in base 9?
-14
What is 11010 (base 2) in base 9?
28
Convert 2 (base 4) to base 16.
2
Convert 200 (base 7) to base 13.
77
What is 5 (base 8) in base 2?
101
What is -2 (base 16) in base 2?
-10
What is -20 (base 3) in base 16?
-6
-62 (base 7) to base 6
-112
What is 11001010 (base 2) in base 13?
127
-220 (base 3) to base 2
-11000
Convert -90 (base 12) to base 6.
-300
What is 15 (base 9) in base 6?
22
Convert -4 (base 5) to base 13.
-4
150 (base 14) to base 11
222
What is 10 (base 2) in base 11?
2
What is d (base 15) in base 5?
23
Convert -110000 (base 2) to base 13.
-39
-21 (base 4) to base 14
-9
Convert 112 (base 3) to base 11.
13
What is 16 (base 13) in base 4?
103
Convert 3 (base 14) to base 5.
3
1 (base 10) to base 12
1
Convert 5 (base 11) to base 10.
5
What is -4a (base 13) in base 2?
-111110
-2 (base 5) to base 7
-2
-24 (base 15) to base 6
-54
What is -1 (base 11) in base 7?
-1
Convert 4 (base 6) to base 12.
4
-3 (base 6) to base 2
-11
-2011 (base 3) to base 16
-3a
Convert 3 (base 16) to base 7.
3
What is -3 (base 6) in base 11?
-3
27 (base 15) to base 10
37
What is -22 (base 8) in base 7?
-24
What is 20 (base 5) in base 4?
22
What is -103 (base 13) in base 9?
-211
1 (base 6) to base 7
1
Convert -5 (base 15) to base 2.
-101
111011 (base 2) to base 13
47
Convert -10 (base 2) to base 10.
-2
What is 1 (base 7) in base 4?
1
What is 9 (base 12) in base 14?
9
What is -8 (base 9) in base 13?
-8
Convert -2 (base 4) to base 13.
-2
Convert 2 (base 5) to base 3.
2
7 (base 14) to base 11
7
5 (base 9) to base 3
12
Convert 70 (base 11) to base 14.
57
Convert -343 (base 5) to base 14.
-70
-96 (base 12) to base 11
-a4
Convert 33 (base 5) to base 12.
16
0 (base 10) to base 12
0
Convert -67 (base 12) to base 9.
-87
Convert -32 (base 4) to base 11.
-13
4 (base 10) to base 16
4
64 (base 9) to base 2
111010
What is -323 (base 7) in base 10?
-164
Convert -9 (base 16) to base 12.
-9
1 (base 7) to base 6
1
1211 (base 3) to base 16
31
Convert 2 (base 12) to base 11.
2
What is 102 (base 4) in base 14?
14
What is -84 (base 13) in base 16?
-6c
What is -4 (base 12) in base 2?
-100
What is 102 (base 4) in base 15?
13
What is 14 (base 5) in base 14?
9
What is 7 (base 12) in base 8?
7
110 (base 2) to base 8
6
-1322 (base 4) to base 5
-442
What is 8 (base 9) in base 2?
1000
What is 3 (base 5) in base 15?
3
Convert -28 (base 16) to base 13.
-31
Convert 2 (base 9) to base 5.
2
Convert 3c (base 15) to base 3.
2010
-5 (base 9) to base 7
-5
What is -2 (base 6) in base 12?
-2
6 (base 7) to base 10
6
Convert -1 (base 3) to base 4.
-1
Convert 10100011 (base 2) to base 11.
139
Convert 43 (base 8) to base 6.
55
What is 2 (base 11) in base 14?
2
What is 11 (base 15) in base 2?
10000
-3 (base 9) to base 12
-3
Convert 3 (base 13) to base 10.
3
431 (base 5) to base 16
74
Convert -6 (base 8) to base 3.
-20
1 (base 11) to base 15
1
Convert -3 (base 7) to base 15.
-3
Convert 7 (base 14) to base 15.
7
What is 14 (base 7) in base 5?
21
Convert 2 (base 6) to base 10.
2
What is 3 (base 5) in base 8?
3
What is -5 (base 15) in base 8?
-5
3 (base 13) to base 7
3
What is -10 (base 2) in base 3?
-2
b (base 15) to base 12
b
6 (base 9) to base 4
12
Convert 10 (base 2) to base 11.
2
-3 (base 6) to base 4
-3
Convert -19 (base 12) to base 6.
-33
What is -105 (base 7) in base 15?
-39
Convert 0 (base 6) to base 16.
0
-1 (base 8) to base 12
-1
What is 7 (base 8) in base 10?
7
-3 (base 15) to base 5
-3
1 (base 5) to base 16
1
0 (base 9) to base 5
0
112 (base 4) to base 5
42
Convert 2 (base 16) to base 14.
2
-b8 (base 12) to base 2
-10001100
Convert -1 (base 16) to base 15.
-1
Convert 10010 (base 3) to base 8.
124
What is -21 (base 7) in base 8?
-17
-10 (base 4) to base 15
-4
What is 2 (base 12) in base 14?
2
What is -11000 (base 2) in base 9?
-26
Convert 2 (base 8) to base 15.
2
130 (base 4) to base 16
1c
-48 (base 14) to base 15
-44
What is -10100000 (base 2) in base 7?
-316
Convert 30 (base 8) to base 16.
18
What is -20 (base 8) in base 14?
-12
1222 (base 3) to base 4
311
What is -12 (base 4) in base 3?
-20
17 (base 12) to base 11
18
Convert -2 (base 12) to base 2.
-10
Convert 1 (base 8) to base 5.
1
What is -36 (base 10) in base 8?
-44
-2 (base 6) to base 13
-2
What is 432 (base 9) in base 14?
1b3
Convert -30 (base 4) to base 7.
-15
Convert -133 (base 4) to base 14.
-23
Convert -3 (base 14) to base 2.
-11
111 (base 2) to base 10
7
What is -7a (base 11) in base 6?
-223
What is 2 (base 4) in base 13?
2
41 (base 13) to base 9
58
What is 11 (base 3) in base 5?
4
Convert 2 (base 16) to base 4.
2
Convert 10 (base 2) to base 8.
2
Convert 27 (base 12) to base 9.
34
Convert 0 (base 9) to base 8.
0
Convert -1 (base 6) to base 10.
-1
Convert -2 (base 10) to base 2.
-10
What is -d9 (base 14) in base 8?
-277
Convert 62 (base 14) to base 13.
68
255 (base 7) to base 10
138
3 (base 9) to base 14
3
Convert 7 (base 9) to base 8.
7
1 (base 6) to base 4
1
Convert -67 (base 16) to base 12.
-87
Convert 0 (base 6) to base 11.
0
Convert 5 (base 14) to base 10.
5
10 (base 4) to base 2
100
Convert -151 (base 7) to base 9.
-104
0 (base 11) to base 7
0
Convert -326 (base 10) to base 14.
-194
What is 0 (base 10) in base 11?
0
Convert 22 (base 9) to base 8.
24
What is 11 (base 12) in base 2?
1101
-3 (base 8) to base 11
-3
Convert -4 (base 11) to base 8.
-4
7 (base 15) to base 10
7
Convert 1 (base 6) to base 3.
1
3 (base 6) to base 13
3
Convert 5b (base 12) to base 15.
4b
-1100 (base 2) to base 5
-22
What is -49 (base 12) in base 14?
-41
-13 (base 6) to base 7
-12
What is 37 (base 8) in base 2?
11111
What is 17 (base 11) in base 14?
14
-74 (base 15) to base 11
-9a
What is -1 (base 8) in base 6?
-1
2 (base 16) to base 7
2
Convert -10 (base 5) to base 10.
-5
Convert 15 (base 11) to base 13.
13
Convert 47 (base 15) to base 7.
124
What is 51 (base 14) in base 8?
107
-202 (base 4) to base 2
-100010
Convert a (base 14) to base 11.
a
Convert 125 (base 10) to base 9.
148
Convert 29 (base 16) to base 3.
1112
Convert -1 (base 6) to base 16.
-1
Convert 63 (base 8) to base 16.
33
What is 15 (base 8) in base 6?
21
19 (base 12) to base 14
17
3 (base 11) to base 10
3
-1b (base 16) to base 4
-123
Convert 60 (base 15) to base 7.
156
What is 1 (base 10) in base 13?
1
Convert 3 (base 15) to base 4.
3
Convert -8 (base 11) to base 4.
-20
4 (base 11) to base 7
4
331 (base 6) to base 13
9a
Convert -101 (base 2) to base 13.
-5
-111000 (base 2) to base 14
-40
-11122 (base 3) to base 9
-148
What is 118 (base 16) in base 4?
10120
Convert 1 (base 16) to base 9.
1
11a (base 11) to base 16
8e
What is 86 (base 13) in base 8?
156
-1 (base 7) to base 12
-1
Convert -2 (base 10) to base 2.
-10
0 (base 2) to base 12
0
Convert 22 (base 15) to base 8.
40
Convert -203 (base 4) to base 2.
-100011
What is -7 (base 13) in base 14?
-7
4 (base 15) to base 10
4
What is 14 (base 16) in base 10?
20
What is 106 (base 7) in base 16?
37
Convert -11 (base 4) to base 16.
-5
0 (base 11) to base 6
0
10 (base 7) to base 10
7
Convert 220 (base 3) to base 12.
20
What is -11110000 (base 2) in base 9?
-286
-172 (base 10) to base 4
-2230
Convert -b6 (base 14) to base 15.
-aa
What is -21 (base 4) in base 6?
-13
10020 (base 4) to base 9
323
Convert 3 (base 15) to base 6.
3
What is 9 (base 16) in base 5?
14
